{"id":4215,"date":"2026-04-08T22:29:48","date_gmt":"2026-04-08T20:29:48","guid":{"rendered":"https:\/\/alviru.es\/?page_id=4215"},"modified":"2026-04-08T23:32:59","modified_gmt":"2026-04-08T21:32:59","slug":"quinceanero","status":"publish","type":"page","link":"https:\/\/alviru.es\/?page_id=4215","title":{"rendered":"Quincea\u00f1era \/ Cumplea\u00f1os"},"content":{"rendered":"\n<p>Elevamos la celebraci\u00f3n de tus quince a\u00f1os a una experiencia visual sin precedentes, superando el concepto del simple reportaje fotogr\u00e1fico. Nuestro servicio integral fusiona la frescura y personalidad de la juventud con la sofisticaci\u00f3n de la fotograf\u00eda de moda y el retrato de autor.<\/p>\n\n\n\n<p>Garantizamos una visi\u00f3n art\u00edstica y cuidada de este cambio de etapa, entregando un legado visual que no solo vive en vuestros dispositivos, sino que se convierte en una obra de arte tan vibrante y \u00fanica como vuestra propia historia<\/p>\n\n\n\n<figure class=\"wp-block-embed aligncenter is-type-video is-provider-youtube wp-block-embed-youtube wp-embed-aspect-4-3 wp-has-aspect-ratio\"><div class=\"wp-block-embed__wrapper\">\n<div class=\"jetpack-video-wrapper\"><iframe title=\"Quincea\u00f1ero de Sof\u00eda en Guadalajara.\" width=\"640\" height=\"480\" src=\"https:\/\/www.youtube.com\/embed\/A87TFdAS1_w?feature=oembed\" frameborder=\"0\" allow=\"accelerometer; autoplay; clipboard-write; encrypted-media; gyroscope; picture-in-picture; web-share\" referrerpolicy=\"strict-origin-when-cross-origin\" allowfullscreen><\/iframe><\/div>\n<\/div><\/figure>\n\n\n\n<figure class=\"wp-block-gallery has-nested-images columns-default is-cropped wp-block-gallery-1 is-layout-flex wp-block-gallery-is-layout-flex\">\n<figure class=\"wp-block-image size-large\"><img fetchpriority=\"high\" decoding=\"async\" width=\"1024\" height=\"683\" data-id=\"4219\" src=\"https:\/\/alviru.es\/wp-content\/uploads\/2026\/04\/Prequinceanero-1-1-1024x683.jpg\" alt=\"Prequincea\u00f1ero (1)\" class=\"wp-image-4219\" srcset=\"https:\/\/alviru.es\/wp-content\/uploads\/2026\/04\/Prequinceanero-1-1-1024x683.jpg 1024w, https:\/\/alviru.es\/wp-content\/uploads\/2026\/04\/Prequinceanero-1-1-300x200.jpg 300w, https:\/\/alviru.es\/wp-content\/uploads\/2026\/04\/Prequinceanero-1-1-768x512.jpg 768w, https:\/\/alviru.es\/wp-content\/uploads\/2026\/04\/Prequinceanero-1-1-1536x1024.jpg 1536w, https:\/\/alviru.es\/wp-content\/uploads\/2026\/04\/Prequinceanero-1-1-2048x1366.jpg 2048w, https:\/\/alviru.es\/wp-content\/uploads\/2026\/04\/Prequinceanero-1-1-600x400.jpg 600w\" sizes=\"(max-width: 1024px) 100vw, 1024px\" \/><\/figure>\n\n\n\n<figure class=\"wp-block-image size-large\"><img decoding=\"async\" width=\"1024\" height=\"683\" data-id=\"4221\" src=\"https:\/\/alviru.es\/wp-content\/uploads\/2026\/04\/Prequinceanero-11-1024x683.jpg\" alt=\"Prequincea\u00f1ero (11)\" class=\"wp-image-4221\" srcset=\"https:\/\/alviru.es\/wp-content\/uploads\/2026\/04\/Prequinceanero-11-1024x683.jpg 1024w, https:\/\/alviru.es\/wp-content\/uploads\/2026\/04\/Prequinceanero-11-300x200.jpg 300w, https:\/\/alviru.es\/wp-content\/uploads\/2026\/04\/Prequinceanero-11-768x512.jpg 768w, https:\/\/alviru.es\/wp-content\/uploads\/2026\/04\/Prequinceanero-11-1536x1024.jpg 1536w, https:\/\/alviru.es\/wp-content\/uploads\/2026\/04\/Prequinceanero-11-2048x1366.jpg 2048w, https:\/\/alviru.es\/wp-content\/uploads\/2026\/04\/Prequinceanero-11-600x400.jpg 600w\" sizes=\"(max-width: 1024px) 100vw, 1024px\" \/><\/figure>\n\n\n\n<figure class=\"wp-block-image size-large\"><img decoding=\"async\" width=\"1024\" height=\"688\" data-id=\"4218\" src=\"https:\/\/alviru.es\/wp-content\/uploads\/2026\/04\/Prequinceanero-15-1024x688.jpg\" alt=\"Prequincea\u00f1ero (15)\" class=\"wp-image-4218\" srcset=\"https:\/\/alviru.es\/wp-content\/uploads\/2026\/04\/Prequinceanero-15-1024x688.jpg 1024w, https:\/\/alviru.es\/wp-content\/uploads\/2026\/04\/Prequinceanero-15-300x202.jpg 300w, https:\/\/alviru.es\/wp-content\/uploads\/2026\/04\/Prequinceanero-15-768x516.jpg 768w, https:\/\/alviru.es\/wp-content\/uploads\/2026\/04\/Prequinceanero-15-1536x1032.jpg 1536w, https:\/\/alviru.es\/wp-content\/uploads\/2026\/04\/Prequinceanero-15-2048x1376.jpg 2048w, https:\/\/alviru.es\/wp-content\/uploads\/2026\/04\/Prequinceanero-15-600x403.jpg 600w\" sizes=\"(max-width: 1024px) 100vw, 1024px\" \/><\/figure>\n<\/figure>\n\n\n\n<figure class=\"wp-block-gallery has-nested-images columns-default is-cropped wp-block-gallery-2 is-layout-flex wp-block-gallery-is-layout-flex\">\n<figure class=\"wp-block-image size-large\"><img loading=\"lazy\" decoding=\"async\" width=\"1024\" height=\"683\" data-id=\"4220\" src=\"https:\/\/alviru.es\/wp-content\/uploads\/2026\/04\/Prequinceanero-19-1024x683.jpg\" alt=\"Prequincea\u00f1ero (19)\" class=\"wp-image-4220\" srcset=\"https:\/\/alviru.es\/wp-content\/uploads\/2026\/04\/Prequinceanero-19-1024x683.jpg 1024w, https:\/\/alviru.es\/wp-content\/uploads\/2026\/04\/Prequinceanero-19-300x200.jpg 300w, https:\/\/alviru.es\/wp-content\/uploads\/2026\/04\/Prequinceanero-19-768x512.jpg 768w, https:\/\/alviru.es\/wp-content\/uploads\/2026\/04\/Prequinceanero-19-1536x1024.jpg 1536w, https:\/\/alviru.es\/wp-content\/uploads\/2026\/04\/Prequinceanero-19-2048x1366.jpg 2048w, https:\/\/alviru.es\/wp-content\/uploads\/2026\/04\/Prequinceanero-19-600x400.jpg 600w\" sizes=\"(max-width: 1024px) 100vw, 1024px\" \/><\/figure>\n\n\n\n<figure class=\"wp-block-image size-large\"><img loading=\"lazy\" decoding=\"async\" width=\"1024\" height=\"683\" data-id=\"4224\" src=\"https:\/\/alviru.es\/wp-content\/uploads\/2026\/04\/exterior-5-1024x683.jpg\" alt=\"exterior (5)\" class=\"wp-image-4224\" srcset=\"https:\/\/alviru.es\/wp-content\/uploads\/2026\/04\/exterior-5-1024x683.jpg 1024w, https:\/\/alviru.es\/wp-content\/uploads\/2026\/04\/exterior-5-300x200.jpg 300w, https:\/\/alviru.es\/wp-content\/uploads\/2026\/04\/exterior-5-768x512.jpg 768w, https:\/\/alviru.es\/wp-content\/uploads\/2026\/04\/exterior-5-1536x1024.jpg 1536w, https:\/\/alviru.es\/wp-content\/uploads\/2026\/04\/exterior-5-2048x1366.jpg 2048w, https:\/\/alviru.es\/wp-content\/uploads\/2026\/04\/exterior-5-600x400.jpg 600w\" sizes=\"(max-width: 1024px) 100vw, 1024px\" \/><\/figure>\n\n\n\n<figure class=\"wp-block-image size-large\"><img loading=\"lazy\" decoding=\"async\" width=\"1024\" height=\"683\" data-id=\"4222\" src=\"https:\/\/alviru.es\/wp-content\/uploads\/2026\/04\/exterior-1-1024x683.jpg\" alt=\"exterior (1)\" class=\"wp-image-4222\" srcset=\"https:\/\/alviru.es\/wp-content\/uploads\/2026\/04\/exterior-1-1024x683.jpg 1024w, https:\/\/alviru.es\/wp-content\/uploads\/2026\/04\/exterior-1-300x200.jpg 300w, https:\/\/alviru.es\/wp-content\/uploads\/2026\/04\/exterior-1-768x512.jpg 768w, https:\/\/alviru.es\/wp-content\/uploads\/2026\/04\/exterior-1-1536x1024.jpg 1536w, https:\/\/alviru.es\/wp-content\/uploads\/2026\/04\/exterior-1-2048x1366.jpg 2048w, https:\/\/alviru.es\/wp-content\/uploads\/2026\/04\/exterior-1-600x400.jpg 600w\" sizes=\"(max-width: 1024px) 100vw, 1024px\" \/><\/figure>\n<\/figure>\n\n\n\n<figure class=\"wp-block-gallery has-nested-images columns-default is-cropped wp-block-gallery-3 is-layout-flex wp-block-gallery-is-layout-flex\">\n<figure class=\"wp-block-image size-large\"><img loading=\"lazy\" decoding=\"async\" width=\"1024\" height=\"634\" data-id=\"4225\" src=\"https:\/\/alviru.es\/wp-content\/uploads\/2026\/04\/exterior-26-1024x634.jpg\" alt=\"exterior (26)\" class=\"wp-image-4225\" srcset=\"https:\/\/alviru.es\/wp-content\/uploads\/2026\/04\/exterior-26-1024x634.jpg 1024w, https:\/\/alviru.es\/wp-content\/uploads\/2026\/04\/exterior-26-300x186.jpg 300w, https:\/\/alviru.es\/wp-content\/uploads\/2026\/04\/exterior-26-768x476.jpg 768w, https:\/\/alviru.es\/wp-content\/uploads\/2026\/04\/exterior-26-1536x952.jpg 1536w, https:\/\/alviru.es\/wp-content\/uploads\/2026\/04\/exterior-26-2048x1269.jpg 2048w, https:\/\/alviru.es\/wp-content\/uploads\/2026\/04\/exterior-26-600x372.jpg 600w\" sizes=\"(max-width: 1024px) 100vw, 1024px\" \/><\/figure>\n\n\n\n<figure class=\"wp-block-image size-large\"><img loading=\"lazy\" decoding=\"async\" width=\"1024\" height=\"683\" data-id=\"4227\" src=\"https:\/\/alviru.es\/wp-content\/uploads\/2026\/04\/exterior-47-1024x683.jpg\" alt=\"exterior (47)\" class=\"wp-image-4227\" srcset=\"https:\/\/alviru.es\/wp-content\/uploads\/2026\/04\/exterior-47-1024x683.jpg 1024w, https:\/\/alviru.es\/wp-content\/uploads\/2026\/04\/exterior-47-300x200.jpg 300w, https:\/\/alviru.es\/wp-content\/uploads\/2026\/04\/exterior-47-768x512.jpg 768w, https:\/\/alviru.es\/wp-content\/uploads\/2026\/04\/exterior-47-1536x1024.jpg 1536w, https:\/\/alviru.es\/wp-content\/uploads\/2026\/04\/exterior-47-2048x1366.jpg 2048w, https:\/\/alviru.es\/wp-content\/uploads\/2026\/04\/exterior-47-600x400.jpg 600w\" sizes=\"(max-width: 1024px) 100vw, 1024px\" \/><\/figure>\n\n\n\n<figure class=\"wp-block-image size-large\"><img loading=\"lazy\" decoding=\"async\" width=\"1024\" height=\"683\" data-id=\"4228\" src=\"https:\/\/alviru.es\/wp-content\/uploads\/2026\/04\/exterior-75-1024x683.jpg\" alt=\"exterior (75)\" class=\"wp-image-4228\" srcset=\"https:\/\/alviru.es\/wp-content\/uploads\/2026\/04\/exterior-75-1024x683.jpg 1024w, https:\/\/alviru.es\/wp-content\/uploads\/2026\/04\/exterior-75-300x200.jpg 300w, https:\/\/alviru.es\/wp-content\/uploads\/2026\/04\/exterior-75-768x512.jpg 768w, https:\/\/alviru.es\/wp-content\/uploads\/2026\/04\/exterior-75-1536x1024.jpg 1536w, https:\/\/alviru.es\/wp-content\/uploads\/2026\/04\/exterior-75-2048x1366.jpg 2048w, https:\/\/alviru.es\/wp-content\/uploads\/2026\/04\/exterior-75-600x400.jpg 600w\" sizes=\"(max-width: 1024px) 100vw, 1024px\" \/><\/figure>\n<\/figure>\n\n\n\n<figure class=\"wp-block-gallery has-nested-images columns-default is-cropped wp-block-gallery-4 is-layout-flex wp-block-gallery-is-layout-flex\">\n<figure class=\"wp-block-image size-large\"><img loading=\"lazy\" decoding=\"async\" width=\"1024\" height=\"683\" data-id=\"4238\" src=\"https:\/\/alviru.es\/wp-content\/uploads\/2026\/04\/exterior-178-1-1024x683.jpg\" alt=\"exterior (178)\" class=\"wp-image-4238\" srcset=\"https:\/\/alviru.es\/wp-content\/uploads\/2026\/04\/exterior-178-1-1024x683.jpg 1024w, https:\/\/alviru.es\/wp-content\/uploads\/2026\/04\/exterior-178-1-300x200.jpg 300w, https:\/\/alviru.es\/wp-content\/uploads\/2026\/04\/exterior-178-1-768x512.jpg 768w, https:\/\/alviru.es\/wp-content\/uploads\/2026\/04\/exterior-178-1-1536x1024.jpg 1536w, https:\/\/alviru.es\/wp-content\/uploads\/2026\/04\/exterior-178-1-2048x1366.jpg 2048w, https:\/\/alviru.es\/wp-content\/uploads\/2026\/04\/exterior-178-1-600x400.jpg 600w\" sizes=\"(max-width: 1024px) 100vw, 1024px\" \/><\/figure>\n\n\n\n<figure class=\"wp-block-image size-large\"><img loading=\"lazy\" decoding=\"async\" width=\"1024\" height=\"683\" data-id=\"4240\" src=\"https:\/\/alviru.es\/wp-content\/uploads\/2026\/04\/exterior-183-1-1024x683.jpg\" alt=\"exterior (183)\" class=\"wp-image-4240\" srcset=\"https:\/\/alviru.es\/wp-content\/uploads\/2026\/04\/exterior-183-1-1024x683.jpg 1024w, https:\/\/alviru.es\/wp-content\/uploads\/2026\/04\/exterior-183-1-300x200.jpg 300w, https:\/\/alviru.es\/wp-content\/uploads\/2026\/04\/exterior-183-1-768x512.jpg 768w, https:\/\/alviru.es\/wp-content\/uploads\/2026\/04\/exterior-183-1-1536x1024.jpg 1536w, https:\/\/alviru.es\/wp-content\/uploads\/2026\/04\/exterior-183-1-2048x1366.jpg 2048w, https:\/\/alviru.es\/wp-content\/uploads\/2026\/04\/exterior-183-1-600x400.jpg 600w\" sizes=\"(max-width: 1024px) 100vw, 1024px\" \/><\/figure>\n\n\n\n<figure class=\"wp-block-image size-large\"><img loading=\"lazy\" decoding=\"async\" width=\"1024\" height=\"683\" data-id=\"4244\" src=\"https:\/\/alviru.es\/wp-content\/uploads\/2026\/04\/exterior-132-2-1024x683.jpg\" alt=\"exterior (132)\" class=\"wp-image-4244\" srcset=\"https:\/\/alviru.es\/wp-content\/uploads\/2026\/04\/exterior-132-2-1024x683.jpg 1024w, https:\/\/alviru.es\/wp-content\/uploads\/2026\/04\/exterior-132-2-300x200.jpg 300w, https:\/\/alviru.es\/wp-content\/uploads\/2026\/04\/exterior-132-2-768x512.jpg 768w, https:\/\/alviru.es\/wp-content\/uploads\/2026\/04\/exterior-132-2-1536x1024.jpg 1536w, https:\/\/alviru.es\/wp-content\/uploads\/2026\/04\/exterior-132-2-2048x1366.jpg 2048w, https:\/\/alviru.es\/wp-content\/uploads\/2026\/04\/exterior-132-2-600x400.jpg 600w\" sizes=\"(max-width: 1024px) 100vw, 1024px\" \/><\/figure>\n\n\n\n<figure class=\"wp-block-image size-large\"><img loading=\"lazy\" decoding=\"async\" width=\"1024\" height=\"683\" data-id=\"4258\" src=\"https:\/\/alviru.es\/wp-content\/uploads\/2026\/04\/exterior-138-4-1024x683.jpg\" alt=\"exterior (138)\" class=\"wp-image-4258\" srcset=\"https:\/\/alviru.es\/wp-content\/uploads\/2026\/04\/exterior-138-4-1024x683.jpg 1024w, https:\/\/alviru.es\/wp-content\/uploads\/2026\/04\/exterior-138-4-300x200.jpg 300w, https:\/\/alviru.es\/wp-content\/uploads\/2026\/04\/exterior-138-4-768x512.jpg 768w, https:\/\/alviru.es\/wp-content\/uploads\/2026\/04\/exterior-138-4-1536x1024.jpg 1536w, https:\/\/alviru.es\/wp-content\/uploads\/2026\/04\/exterior-138-4-2048x1366.jpg 2048w, https:\/\/alviru.es\/wp-content\/uploads\/2026\/04\/exterior-138-4-600x400.jpg 600w\" sizes=\"(max-width: 1024px) 100vw, 1024px\" \/><\/figure>\n\n\n\n<figure class=\"wp-block-image size-large\"><img loading=\"lazy\" decoding=\"async\" width=\"1024\" height=\"683\" data-id=\"4265\" src=\"https:\/\/alviru.es\/wp-content\/uploads\/2026\/04\/exterior-152-1024x683.jpg\" alt=\"exterior (152)\" class=\"wp-image-4265\" srcset=\"https:\/\/alviru.es\/wp-content\/uploads\/2026\/04\/exterior-152-1024x683.jpg 1024w, https:\/\/alviru.es\/wp-content\/uploads\/2026\/04\/exterior-152-300x200.jpg 300w, https:\/\/alviru.es\/wp-content\/uploads\/2026\/04\/exterior-152-768x512.jpg 768w, https:\/\/alviru.es\/wp-content\/uploads\/2026\/04\/exterior-152-1536x1024.jpg 1536w, https:\/\/alviru.es\/wp-content\/uploads\/2026\/04\/exterior-152-2048x1366.jpg 2048w, https:\/\/alviru.es\/wp-content\/uploads\/2026\/04\/exterior-152-600x400.jpg 600w\" sizes=\"(max-width: 1024px) 100vw, 1024px\" \/><\/figure>\n\n\n\n<figure class=\"wp-block-image size-large\"><img loading=\"lazy\" decoding=\"async\" width=\"1024\" height=\"683\" data-id=\"4252\" src=\"https:\/\/alviru.es\/wp-content\/uploads\/2026\/04\/exterior-132-3-1024x683.jpg\" alt=\"exterior (132)\" class=\"wp-image-4252\" srcset=\"https:\/\/alviru.es\/wp-content\/uploads\/2026\/04\/exterior-132-3-1024x683.jpg 1024w, https:\/\/alviru.es\/wp-content\/uploads\/2026\/04\/exterior-132-3-300x200.jpg 300w, https:\/\/alviru.es\/wp-content\/uploads\/2026\/04\/exterior-132-3-768x512.jpg 768w, https:\/\/alviru.es\/wp-content\/uploads\/2026\/04\/exterior-132-3-1536x1024.jpg 1536w, https:\/\/alviru.es\/wp-content\/uploads\/2026\/04\/exterior-132-3-2048x1366.jpg 2048w, https:\/\/alviru.es\/wp-content\/uploads\/2026\/04\/exterior-132-3-600x400.jpg 600w\" sizes=\"(max-width: 1024px) 100vw, 1024px\" \/><\/figure>\n\n\n\n<figure class=\"wp-block-image size-large\"><img loading=\"lazy\" decoding=\"async\" width=\"1024\" height=\"683\" data-id=\"4247\" src=\"https:\/\/alviru.es\/wp-content\/uploads\/2026\/04\/exterior-138-3-1024x683.jpg\" alt=\"exterior (138)\" class=\"wp-image-4247\" srcset=\"https:\/\/alviru.es\/wp-content\/uploads\/2026\/04\/exterior-138-3-1024x683.jpg 1024w, https:\/\/alviru.es\/wp-content\/uploads\/2026\/04\/exterior-138-3-300x200.jpg 300w, https:\/\/alviru.es\/wp-content\/uploads\/2026\/04\/exterior-138-3-768x512.jpg 768w, https:\/\/alviru.es\/wp-content\/uploads\/2026\/04\/exterior-138-3-1536x1024.jpg 1536w, https:\/\/alviru.es\/wp-content\/uploads\/2026\/04\/exterior-138-3-2048x1366.jpg 2048w, https:\/\/alviru.es\/wp-content\/uploads\/2026\/04\/exterior-138-3-600x400.jpg 600w\" sizes=\"(max-width: 1024px) 100vw, 1024px\" \/><\/figure>\n\n\n\n<figure class=\"wp-block-image size-large\"><img loading=\"lazy\" decoding=\"async\" width=\"1024\" height=\"683\" data-id=\"4250\" src=\"https:\/\/alviru.es\/wp-content\/uploads\/2026\/04\/exterior-139-2-1024x683.jpg\" alt=\"exterior (139)\" class=\"wp-image-4250\" srcset=\"https:\/\/alviru.es\/wp-content\/uploads\/2026\/04\/exterior-139-2-1024x683.jpg 1024w, https:\/\/alviru.es\/wp-content\/uploads\/2026\/04\/exterior-139-2-300x200.jpg 300w, https:\/\/alviru.es\/wp-content\/uploads\/2026\/04\/exterior-139-2-768x512.jpg 768w, https:\/\/alviru.es\/wp-content\/uploads\/2026\/04\/exterior-139-2-1536x1024.jpg 1536w, https:\/\/alviru.es\/wp-content\/uploads\/2026\/04\/exterior-139-2-2048x1366.jpg 2048w, https:\/\/alviru.es\/wp-content\/uploads\/2026\/04\/exterior-139-2-600x400.jpg 600w\" sizes=\"(max-width: 1024px) 100vw, 1024px\" \/><\/figure>\n\n\n\n<figure class=\"wp-block-image size-large\"><img loading=\"lazy\" decoding=\"async\" width=\"1024\" height=\"683\" data-id=\"4249\" src=\"https:\/\/alviru.es\/wp-content\/uploads\/2026\/04\/exterior-142-2-1024x683.jpg\" alt=\"exterior (142)\" class=\"wp-image-4249\" srcset=\"https:\/\/alviru.es\/wp-content\/uploads\/2026\/04\/exterior-142-2-1024x683.jpg 1024w, https:\/\/alviru.es\/wp-content\/uploads\/2026\/04\/exterior-142-2-300x200.jpg 300w, https:\/\/alviru.es\/wp-content\/uploads\/2026\/04\/exterior-142-2-768x512.jpg 768w, https:\/\/alviru.es\/wp-content\/uploads\/2026\/04\/exterior-142-2-1536x1024.jpg 1536w, https:\/\/alviru.es\/wp-content\/uploads\/2026\/04\/exterior-142-2-2048x1366.jpg 2048w, https:\/\/alviru.es\/wp-content\/uploads\/2026\/04\/exterior-142-2-600x400.jpg 600w\" sizes=\"(max-width: 1024px) 100vw, 1024px\" \/><\/figure>\n\n\n\n<figure class=\"wp-block-image size-large\"><img loading=\"lazy\" decoding=\"async\" width=\"1024\" height=\"683\" data-id=\"4261\" src=\"https:\/\/alviru.es\/wp-content\/uploads\/2026\/04\/exterior-159-1024x683.jpg\" alt=\"exterior (159)\" class=\"wp-image-4261\" srcset=\"https:\/\/alviru.es\/wp-content\/uploads\/2026\/04\/exterior-159-1024x683.jpg 1024w, https:\/\/alviru.es\/wp-content\/uploads\/2026\/04\/exterior-159-300x200.jpg 300w, https:\/\/alviru.es\/wp-content\/uploads\/2026\/04\/exterior-159-768x512.jpg 768w, https:\/\/alviru.es\/wp-content\/uploads\/2026\/04\/exterior-159-1536x1024.jpg 1536w, https:\/\/alviru.es\/wp-content\/uploads\/2026\/04\/exterior-159-2048x1366.jpg 2048w, https:\/\/alviru.es\/wp-content\/uploads\/2026\/04\/exterior-159-600x400.jpg 600w\" sizes=\"(max-width: 1024px) 100vw, 1024px\" \/><\/figure>\n\n\n\n<figure class=\"wp-block-image size-large\"><img loading=\"lazy\" decoding=\"async\" width=\"1024\" height=\"683\" data-id=\"4243\" src=\"https:\/\/alviru.es\/wp-content\/uploads\/2026\/04\/exterior-155-1-1024x683.jpg\" alt=\"exterior (155)\" class=\"wp-image-4243\" srcset=\"https:\/\/alviru.es\/wp-content\/uploads\/2026\/04\/exterior-155-1-1024x683.jpg 1024w, https:\/\/alviru.es\/wp-content\/uploads\/2026\/04\/exterior-155-1-300x200.jpg 300w, https:\/\/alviru.es\/wp-content\/uploads\/2026\/04\/exterior-155-1-768x512.jpg 768w, https:\/\/alviru.es\/wp-content\/uploads\/2026\/04\/exterior-155-1-1536x1024.jpg 1536w, https:\/\/alviru.es\/wp-content\/uploads\/2026\/04\/exterior-155-1-2048x1366.jpg 2048w, https:\/\/alviru.es\/wp-content\/uploads\/2026\/04\/exterior-155-1-600x400.jpg 600w\" sizes=\"(max-width: 1024px) 100vw, 1024px\" \/><\/figure>\n<\/figure>\n","protected":false},"excerpt":{"rendered":"<p>Elevamos la celebraci\u00f3n de tus quince a\u00f1os a una experiencia visual sin precedentes, superando el concepto del simple reportaje fotogr\u00e1fico. Nuestro servicio integral fusiona la frescura y personalidad de la juventud con la sofisticaci\u00f3n de la fotograf\u00eda de moda y el retrato de autor. Garantizamos una visi\u00f3n art\u00edstica y cuidada de este cambio de etapa, [&hellip;]<\/p>\n","protected":false},"author":1,"featured_media":0,"parent":0,"menu_order":0,"comment_status":"closed","ping_status":"closed","template":"","meta":{"footnotes":""},"class_list":["post-4215","page","type-page","status-publish","hentry"],"aioseo_notices":[],"_hostinger_reach_plugin_has_subscription_block":false,"_hostinger_reach_plugin_is_elementor":false,"jetpack_sharing_enabled":true,"_links":{"self":[{"href":"https:\/\/alviru.es\/index.php?rest_route=\/wp\/v2\/pages\/4215","targetHints":{"allow":["GET"]}}],"collection":[{"href":"https:\/\/alviru.es\/index.php?rest_route=\/wp\/v2\/pages"}],"about":[{"href":"https:\/\/alviru.es\/index.php?rest_route=\/wp\/v2\/types\/page"}],"author":[{"embeddable":true,"href":"https:\/\/alviru.es\/index.php?rest_route=\/wp\/v2\/users\/1"}],"replies":[{"embeddable":true,"href":"https:\/\/alviru.es\/index.php?rest_route=%2Fwp%2Fv2%2Fcomments&post=4215"}],"version-history":[{"count":7,"href":"https:\/\/alviru.es\/index.php?rest_route=\/wp\/v2\/pages\/4215\/revisions"}],"predecessor-version":[{"id":4268,"href":"https:\/\/alviru.es\/index.php?rest_route=\/wp\/v2\/pages\/4215\/revisions\/4268"}],"wp:attachment":[{"href":"https:\/\/alviru.es\/index.php?rest_route=%2Fwp%2Fv2%2Fmedia&parent=4215"}],"curies":[{"name":"wp","href":"https:\/\/api.w.org\/{rel}","templated":true}]}}